. What is the hundreds digit of 2*(-1133)/(-8) + 25/i?
2
Let q(p) = p**2 + 22*p - 29. Let z be q(-23). Let w(i) = i**2 + 3. Let u be w(z). Suppose -65 = -4*x + u. What is the tens digit of x?
2
Suppose v + 3*x - 929 = 0, 3*v + 9*x - 2769 = 6*x. Suppose v = 3*y + 17*y. What is the units digit of y?
6
Suppose 0 = -35*z + 43*z + 47*z - 2290695. What is the units digit of z?
9
Let h = -6274 - -42864. What is the hundreds digit of h?
5
Let l(g) = 2*g**3 - 7*g + 8. Let q be l(3). What is the tens digit of q*(-2)/(-4)*168/6?
7
Let r be (-32 + 2)*(-165)/75. Suppose 69*z - r*z - 1590 = 0. What is the hundreds digit of z?
5
Let s = -86 + 144. Let n = s - 55. Suppose 2*x - 4*x + o = -405, -o + 620 = n*x. What is the tens digit of x?
0
Let q(w) = 6*w**2 + 172*w + 14. What is the thousands digit of q(20)?
5
What is the tens digit of (1 - (-2)/4)/(-26 - 240653672/(-9255904))?
4
What is the units digit of (-28 + 15 + 12083)*2?
0
Let t be (1746/(-30) - -5)/(1/(-5)). Suppose -6*s = -286 - t. What is the tens digit of s?
9
Suppose 4*q - 2*y = -2012, 4*q + 4*y + 697 + 1327 = 0. Let v = 1104 + q. What is the units digit of v?
0
Let b = -11077 + 19716. Suppose -14*t + 9225 = -b. What is the tens digit of t?
7
Let v = -145 - -77. What is the hundreds digit of (v/(-6))/(3/54)?
2
Let s be -278*-1*6/12. Suppose -s*w + 350 = -137*w. What is the units digit of w?
5
Suppose -6*u + 3120 = -426. What is the units digit of u?
1
Suppose 5*r + 63 = -4*y, 2*r - 3*r - 5*y = 0. Let i(w) be the first derivative of -w**3/3 - 11*w**2 - 11*w - 4. What is the units digit of i(r)?
4
Let g = 12835 - 8910. What is the tens digit of 0/(28/7) + g/5?
8
Suppose 19*y - 8063 + 1546 = 1634. What is the hundreds digit of y?
4
Let j(i) be the third derivative of i**5/15 + 11*i**4/6 + i**3/6 - 34*i**2. Let s(b) be the first derivative of j(b). What is the tens digit of s(16)?
7
Let m(i) = -9*i - 149. Let y be m(4). Let z(d) = 73*d - 5. Let k be z(5). Let x = y + k. What is the units digit of x?
5
Let i(b) = b**2 - 17*b - 1. Let t(l) = -l**2. Let y(j) = -i(j) - 2*t(j). Let r = 76 - 69. What is the hundreds digit of y(r)?
1
Suppose -5*f + 4*f + 830433 = 18*f. What is the ten thousands digit of f?
4
Let f = 19790 - 8477. What is the tens digit of f?
1
Let q(j) = 1150*j - 3919. What is the tens digit of q(12)?
8
Suppose 0 = 6*r - 6637 - 24395. What is the units digit of r?
2
Let m = -384 + 221. What is the hundreds digit of (4/(-10)*m)/((-2)/(-10))?
3
Let i = 25 + 23. Suppose -b = 4*b + r - i, -4*r + 12 = 0. What is the tens digit of 6/(-9) + 1104/b?
2
Let d(y) = 3*y**3 + 10*y**2 + 8*y - 3. Let k be d(8). Suppose 6017 = 10*w + k. Suppose 5*x - w = 182. What is the units digit of x?
2
Suppose -10*z + 2227 = -7*z + 5*n, 0 = n + 1. Suppose -o - 5*j = -730, 5*o - z = 4*o + 2*j. What is the hundreds digit of o?
7
Let z = 22 - 18. Let m be (-24)/(1 - 4)*2/z. What is the units digit of 2*2 + (m - -7)?
5
Let a(h) = -1. Let l(y) = y - 25. Let s(w) = a(w) - l(w). Let n be s(21). What is the units digit of ((-74)/3)/((-1)/n)?
4
Let n(t) = 194*t**2 + 13*t + 154. What is the ten thousands digit of n(-8)?
1
Let r be (12/30)/(4/40). Suppose 5*v = 3*p + 1451, 4*v - 1156 - 8 = r*p. What is the tens digit of v?
8
Let i = 50 + -110. Let x = i - -285. What is the hundreds digit of x?
2
Let h be 0 + 416/2 - 1. Suppose 123*u - 127*u = 3*j - 104, u - 107 = -3*j. Suppose 0 = j*c - 27*c - h. What is the tens digit of c?
2
What is the hundreds digit of (26/(-13))/((42/36484)/((-9)/4))?
9
Let a = -312 + 1018. Let p = a - 324. What is the hundreds digit of p?
3
Let t be (-4)/(-3 - (-510)/168). Let q be 5/10 + (-1 - (-405)/(-2)). Let y = t - q. What is the units digit of y?
1
Let a(n) = 32*n**3 + 2*n**2 - 70*n + 86. What is the tens digit of a(7)?
7
Suppose 166*w + 150612 = 178*w. What is the thousands digit of w?
2
Suppose -2*g + 16 = -158. Suppose 5*c = -2*i + 63 + 82, -3*c = i - g. What is the tens digit of 2/(-2) - -5*c?
4
Let a be 209/(-5) - (112/35 - 3). Let q = a + 22. Let r(v) = v**2 + 12*v - 12. What is the hundreds digit of r(q)?
1
Let y = -486 - -421. What is the hundreds digit of 6298/6 + (y/(-15) - 4)?
0
Let d be (-17)/(-4) + 1/(-4). Suppose d*j + 4*s + 500 = 2160, 0 = 4*j - 3*s - 1688. What is the hundreds digit of j?
4
Let n be 0/(-2 + 0) - (0 - 4). Suppose -3*q = 5*b, n*b + 2 = -10. Suppose -2*h - g = -11 - 12, -65 = -q*h + 5*g. What is the tens digit of h?
1
Let b(u) = -12*u**3 - 11*u**2 + 2*u + 100. What is the units digit of b(-13)?
9
Let w(m) = 15*m - 1. Let g be w(-1). Let x be (-6)/(((-8)/(-30))/(g/40)). What is the tens digit of 961/9 - (-2)/x?
0
Suppose 566600 = 13*w - w + 38*w. What is the tens digit of w?
3
Let c be 4/8*(4 - (-3 - 5429)). Let q = -1385 + c. What is the thousands digit of q?
1
Let r be (-2)/((6/8)/((-27)/24)). Suppose -7*q + 2920 = -r*q. What is the hundreds digit of q?
7
Suppose -37 = -12*l - 109. What is the units digit of ((-814)/l)/((-1)/(-3))?
7
What is the tens digit of (-5061 + -2)/(8/(-40)*5)?
6
What is the tens digit of (18 + 169579/(-69))/((-1)/3)?
1
Let i = 10432 + 500. What is the hundreds digit of i?
9
Suppose -3*w = 2*w - 15, -2*w + 24651 = 3*n. What is the thousands digit of n?
8
Let p(d) = -63*d - 5. Let w be 20/25*(0 - 5). Let k be p(w). Let r = k - 174. What is the tens digit of r?
7
Let f be ((-130)/(-25) - 4)*(-266 - -1). Let y = f - -456. What is the tens digit of y?
3
What is the units digit of ((-3153)/(-1))/(2*(-25)/(-50))?
3
Let t = 1589 - -8952. What is the hundreds digit of t?
5
What is the hundreds digit of (-20)/140 - (-457520)/49?
3
Suppose 9*x - 22 - 5 = 0. Suppose 5*g - 67 = -x*q, 4*g = -3*q + 2*g + 79. Let i = q - 25. What is the units digit of i?
4
Let b be (-310)/(-4) - (-14)/(-11 + -17). What is the tens digit of (-42)/(-4)*-30*(-44)/b?
8
Suppose -f = 3*s - 1270, s - 138 = f - 1424. Suppose 5*j - f = -2*t, -3*j + 4*j + 5*t - 261 = 0. What is the tens digit of j?
5
Suppose 4*r = 5*d + 5500, r - 3*d - 1019 = 349. Suppose 27*q - r = 21*q. What is the hundreds digit of q?
2
Let t(l) = 2355*l - 63. What is the units digit of t(16)?
7
Let a(h) be the second derivative of 5*h**4/3 - h**3 - 5*h**2/2 - 32*h. What is the units digit of a(-2)?
7
Let p(m) = 12*m**2 - 138*m - 2566. What is the hundreds digit of p(-39)?
0
What is the tens digit of (70/42)/(2 - 7035/3519)?
5
Let z(b) = -b**3 + 7*b**2 + 9*b + 6. Let i be z(8). Suppose -16*l + i - 62 = 0. What is the hundreds digit of ((l - 34)/1)/(2/(-6))?
1
Let b(g) = 59*g**3 + 36 + 18*g**2 - 8 - 60*g**3 + 34*g. What is the thousands digit of b(16)?
1
Suppose z = -z + 3*o - 600, 0 = 5*o. Let d = z - -781. What is the tens digit of d?
8
Let o(y) = -3*y - 74. Let t be o(-6). What is the hundreds digit of (-287)/t - 5 - (-3527)/8?
4
Let y(m) = -528*m**3 + 5*m**2 + 9*m + 2. What is the tens digit of y(-2)?
2
Let v = 49 - 40. Let t be (16 - v)*12/(-14). Let w(b) = 3*b**2 + 15*b + 6. What is the tens digit of w(t)?
2
Let v(p) = 11*p**2 + 31*p + 27. Let u be v(-1). Let x(n) = -5*n**3 - 11*n + n**3 - 4*n**2 + 13 + 5*n**3. What is the units digit of x(u)?
3
Let i be 2/(-9) - (-184184)/198. What is the hundreds digit of (-6)/(-12)*i - 4?
4
Let j be (80/10 - 9)*(-12 + 1). Suppose 2347 + 3010 = j*v. What is the units digit of v?
7
Let p be 19 + 0 + -12 + 16. Suppose 0 = p*h - 11*h - 2580. What is the hundreds digit of h?
2
Suppose 0 = -14*t + 19*t - 20605. Suppose -22*u = -10303 + t. What is the hundreds digit of u?
2
Let z be (-4)/(-8)*-1*(3 + -3). Suppose 4*p + 358 + 526 = z. What is the tens digit of 7/(-14)*1 - p/2?
1
What is the units digit of -9 + (-317 + -11)*-62?
7
Let u = 444 + -66. Suppose 2*g = -7*g + u. What is the tens digit of g?
4
Let c(l) = 78*l + 41. Let z(m) = -57 + 30 - 14*m - 38*m. Let n(j) = -5*c(j) - 8*z(j). What is the tens digit of n(3)?
8
Suppose 518 = -10*a + 2808. Let x = 559 - a. What is the hundreds digit of x?
3
Let j(l) = -27353*l - 360. What is the hundreds digit of j(-2)?
3
Suppose 3222 = 3*x - 1785. Suppose -5*y - 4 + x = 0. What is the tens digit of y?
3
Suppose -10 + 25 = 5*y, -3749 = -4*a + 5*y. What is the hundreds digit of a?
9
Let o be -48 - (92/28 + 6/(-21)). Let h = o + 55. Suppose -h*c = 2*s - 108, -99 = -3*s + s + 5*c. What is the tens digit of s?
5
Let b be (2/4)/(2/96). Let q be